at is the remainder when a is divided by m?
12
Let k be (-15)/20 + (-1)/4. Let l = k - -12. What is the remainder when l is divided by 6?
5
Let o(b) = -b**2 + 5*b. Let c be o(5). Let q be -2 + 1 + c + -1. Calculate the remainder when (-6)/(-2 + 3 + q) is divided by 4.
2
Let w = -63 + 70. Calculate the remainder when 83 is divided by w.
6
Suppose -5 = -a - 1. Suppose -a*y + 2*y = -12. Suppose -1 = -f + y. What is the remainder when 12 is divided by f?
5
Suppose -3 = -5*h + 7. Let a(y) = 2 + 5*y - 4*y + 1 + y**2 - 2*y**2. What is the remainder when a(0) is divided by h?
1
Suppose 2*m - w = 12 - 0, -3*w = 3*m - 9. Suppose 4 = -3*u + r + 32, 4*r - 24 = -m*u. Calculate the remainder when 21 is divided by u.
5
Suppose -2*r - 114 = 5*c, -28 = c - 0*c + 3*r. Let x = 26 + c. What is the remainder when 11 is divided by x?
3
Suppose -2*t = -t - 60. Suppose -5*o + o = -t. What is the remainder when 41 is divided by o?
11
Let z(g) = 2*g - 7*g + g + 1. Calculate the remainder when z(-6) is divided by (-4)/(-2) - (-3 - 4).
7
Let w(x) = -3*x - 6. What is the remainder when (1 - 0) + 23 + -2 is divided by w(-6)?
10
Let x(h) = -4*h**3 + 3*h**2 - 2. Let k(m) = 10*m**3 + m**2 + m - 1. Calculate the remainder when x(-2) is divided by k(1).
9
Suppose 4*a = 7*a + 60. Calculate the remainder when 2/(-4) + (-1150)/a is divided by 15.
12
Let x be (-1 + -1)*453/(-2). Calculate the remainder when 49 is divided by x/27 + 2/9.
15
Suppose k + 42 = 2*k. Calculate the remainder when k is divided by 15.
12
Let p be 1/(-3) - 1/(-3). Suppose -100 = -3*x - 5*g, p*g + 170 = 5*x + 5*g. What is the remainder when x is divided by 13?
9
Let l(d) = d**3 - 16*d**2 + 15*d + 17. Suppose 5*z - 8 = 3*z + 5*g, -16 = -2*z + g. What is the remainder when l(15) is divided by z?
8
Let i be (125/4)/((-3)/(-12)). Suppose n - i = 6*n. Let b = 40 + n. Calculate the remainder when 43 is divided by b.
13
Let w = 69 - 7. Let d = 116 - w. What is the remainder when d is divided by 19?
16
Suppose q + 4*h - 489 = -4*q, -4*h = -4*q + 420. Let u(t) = -t**3 + t**2 - 7*t + 6. Let a be u(4). Let k = a + q. What is the remainder when k is divided by 11?
9
Let c = 34 - 20. Calculate the remainder when c is divided by (5 - 55/10)*(-1 - 9).
4
Suppose 10 = 3*f + 2*f. Suppose n - 5*g = -1 + 10, -2*n = f*g - 78. Calculate the remainder when n is divided by 12.
10
Let q be ((-7)/2)/(-1)*2. Let r = -5 + q. Suppose 20 = 2*m - r. Calculate the remainder when 20 is divided by m.
9
Let i be (-9)/1 + (-4 - -7). Let q be ((-2)/(-1))/(i/(-15)). Suppose -q*x - 5*w + 8 = -17, -5*w - 25 = 0. Calculate the remainder when x is divided by 4.
2
Let o be (-1)/(-3) + 156/18. Let k = -5 + o. What is the remainder when k is divided by 3?
1
Suppose 2*x + 0*x = 4*u - 22, 5*u + x - 38 = 0. Suppose 2*k + 1 - u = -4*t, -k - 5 = -2*t. What is the remainder when 4 is divided by t?
0
Suppose 0 = 3*g - 4*g. Suppose g = -4*y + 18 + 34. Let s = -9 + 14. Calculate the remainder when y is divided by s.
3
Suppose 2*q = -3*q + 35. Suppose -18 = -d + 8. Calculate the remainder when d is divided by q.
5
Suppose -2*x - 5*r + 16 = 0, 6*x - x - 5*r - 5 = 0. Suppose 42 = 5*n - x*n. Calculate the remainder when 4 is divided by n/9 + 1/(-3).
0
Let f = -26 - -37. What is the remainder when 21 is divided by f?
10
Let q(j) = j**2 - 5*j + 2. Let k be q(5). Let g(y) = -y**2 + 3*y**2 + 2*y + 1 + 0*y**k. Calculate the remainder when 24 is divided by g(-3).
11
Let s(g) = 5*g**2 + 2*g - 1. Let l be s(1). Let z(x) = -x**2 + 8*x - 7. Calculate the remainder when 13 is divided by z(l).
3
Let t = -1 + 5. Let k be 18*3/3 - -1. Suppose -14 - k = -3*b. Calculate the remainder when b is divided by t.
3
What is the remainder when 56/6 + (-2)/(-3) is divided by 3?
1
Suppose -2*a = -4*a + 36. What is the remainder when (-2)/(-4) - (-417)/6 is divided by a?
16
Let o = -35 + 42. Calculate the remainder when 32 is divided by o.
4
Suppose 96 = 2*j + 6*j. What is the remainder when 35 is divided by j?
11
Suppose 2*j = 0, u = -2*u - 3*j + 150. What is the remainder when u is divided by 14?
8
Let z(c) = c**3 - 15*c**2 - 2*c - 4. Calculate the remainder when z(16) is divided by 56.
52
Suppose -3*y + 21 = 6. Calculate the remainder when y is divided by 4.
1
Let g(x) = -x**2 + 11*x - 13. What is the remainder when 18/5*(-10)/(-4) is divided by g(9)?
4
Let o(u) = 3*u + 7. Let n be o(5). Suppose 4*j - 5*j = -3*m + 38, -2*m + 4*j = -n. Calculate the remainder when m is divided by 5.
3
Let s(v) = -3*v - 12. Calculate the remainder when 16 is divided by s(-6).
4
Let x(h) = 2*h - 1. Suppose -f - 28 = -5*f - 4*z, 3*z - 9 = -f. Let p(a) = a**3 + 8*a**2 - 13*a - 5. Calculate the remainder when p(-9) is divided by x(f).
9
Let z = -1 + 11. Calculate the remainder when z is divided by (6*1)/(-4 + 5).
4
Suppose 5*d - 160 = 5*l + 30, 0 = -l - 3. Calculate the remainder when d is divided by 6/(-1)*(-12)/8.
8
Let s(z) be the second derivative of z**3/6 + 27*z**2/2 - z. Calculate the remainder when 64 is divided by s(-10).
13
Let f = 8 - -8. What is the remainder when ((-2)/2)/(5/(-150)) is divided by f?
14
What is the remainder when (((-16)/6)/(-4))/((-20)/(-2130)) is divided by 12?
11
Suppose 2*g = -4*q + 14, 0 = 5*q - 3*q + 3*g - 13. Suppose -2*f - 2 = 0, q*f = -3*v - 2 + 6. Calculate the remainder when 43 is divided by (-122)/(-8) - v/8.
13
Let d(z) = -24*z. Let s be d(-1). Let r = s + -15. What is the remainder when 1*((0 - -4) + 22) is divided by r?
8
Suppose -47*v + 46*v + 5 = 0. Calculate the remainder when 19 is divided by v.
4
Suppose 5*m + 2*q = 0, -3*q - 12 = m - 5*q. Let a = 25 + 13. What is the remainder when a is divided by (m - -24) + 0 - 2?
18
Suppose 5*j + 233 + 207 = 5*k, -15 = 3*j. Calculate the remainder when k is divided by 14.
13
Let b(p) = -p**2 - 4*p + 4. Let t be (-12)/(-10)*(-20)/6. What is the remainder when 7 is divided by b(t)?
3
Suppose 138 - 553 = -5*y. Let o = y - 26. What is the remainder when o is divided by 30?
27
Suppose 0 = 4*m + 3*s - 32, 4*s = 5*m - 73 + 2. Calculate the remainder when m is divided by 8.
3
Let s be 267*-2*(-1)/6. Suppose -s - 15 = -4*a. Calculate the remainder when a is divided by 7.
5
Suppose 4*o - 2*p = 256, -p - 50 = -o + 14. What is the remainder when 53 is divided by (o + -10)*2/4?
26
Let x = 8 + -4. Calculate the remainder when x is divided by 2.
0
Suppose -18 = -0*c - 2*c + 2*o, -21 = -4*c + o. Suppose -c*b + 38 = 2*v, -2*v - 3*v + 103 = 2*b. Calculate the remainder when 60 is divided by v.
18
Suppose -39 = -4*c + 41. Suppose -23 + 63 = 4*l - 3*i, -2*l + c = 2*i. Calculate the remainder when 28 is divided by l.
8
Suppose 3*x + 4 + 41 = 0. Let g = -5 - x. Calculate the remainder when (2 + 4)/(12/56) is divided by g.
8
Let t(a) = 32*a - 10*a + 9*a**2 - 8*a - 9 - a**3. What is the remainder when t(10) is divided by 8?
7
Suppose 0 = -0*u - 4*u + 16. Suppose -2*m - 50 = -5*n, -3*n + u*m + 16 = -0*m. What is the remainder when n is divided by 3?
0
Let t be (-5)/(-1)*8/10. Let y(f) = -f**3 + 5*f**2 + 9*f. What is the remainder when y(6) is divided by (5/t)/((-3)/(-24))?
8
Suppose 73 = 5*d - 3*p - 175, -2*d - 2*p = -96. What is the remainder when d is divided by 13?
10
Let i = -1 - -7. Suppose i*m = 4*m + 4. Suppose 2*s = -j + 5, 2 = 5*s + j - 2*j. Calculate the remainder when m is divided by s.
0
Suppose 49 + 94 = o + 3*n, 492 = 4*o - 4*n. What is the remainder when 3/(-9) + o/6 is divided by 11?
10
Let s(a) = a**3 - 7*a**2 - a + 9. Let y be s(7). Suppose 3*f = 4*i - 22, 0 = y*i - f - 4 - 6. Calculate the remainder when i is divided by -4*(7/(-2) + 3).
0
Suppose -135 = -5*i - 2*w, 0 = -3*i - 2*w + 3*w + 92. What is the remainder when i is divided by 8?
5
Suppose 0 = 3*a + 2*a. Suppose -5*y - 3*r = -138, y - 3*r - 42 = -a*r. Calculate the remainder when 58 is divided by y.
28
Calculate the remainder when 27 is divided by 56/(-21)*(-15)/4.
7
Let j = 6 + -6. Let r(k) = k**2 - k + 9. Calculate the remainder when -3*2/(-3) + 14 is divided by r(j).
7
Let u(y) = -y**3 - 3*y**2 + 2*y - 5. Let s = -18 - -16. Calculate the remainder when u(-4) is divided by 3/s*18/(-27).
0
Suppose -2*q - s + 5*s + 40 = 0, 0 = 3*q + s - 81. Calculate the remainder when 49 is divided by q.
23
Calculate the remainder when (-5)/((-25)/265) + 2 is divided by 7.
6
Let d be (8/